et n(m) = 110*m**2 + 7*m - 17. What is the hundreds digit of n(2)?
4
Suppose -n + 750 = 11*s + 243, -5*n - 2*s = -2535. What is the tens digit of n?
0
Suppose 24*l - 4945 = 2567. What is the tens digit of l?
1
Let o(x) = x**3 - 7*x**2 - 7*x - 8. Let c be o(8). Suppose -s + 0*s + 111 = c. What is the tens digit of s?
1
Let r(q) = 9*q + 13. Let a be r(4). Suppose 4*l + 159 = 3*m + l, -m + a = -5*l. What is the tens digit of m?
5
Suppose -8*o = -3*o - 2335. What is the units digit of (-5 - 21/(-4)) + o/4?
7
Suppose -4*m + 5718 = -3230. What is the hundreds digit of m?
2
Suppose -3*a + 464 = -z - 918, 3*a = 5*z + 1390. What is the units digit of a?
0
Let n be 2270/(-90) + (-4)/(-18). Let u = n + 51. What is the tens digit of u?
2
Suppose -59 = -5*z - f + 3*f, 5*f + 11 = 2*z. Let s(k) = 4*k**2 + 3*k + 3. Let j be s(-2). Suppose -z - j = -b. What is the tens digit of b?
2
Let l = 2330 + 1113. What is the hundreds digit of l?
4
Suppose -3*k + 2*r = -512, -195 = -k - 2*r - 19. Let z = 280 - k. What is the tens digit of z?
0
Let h be (6/4)/(9/12). Suppose 2*v = -a + h, -2 = -4*v + a + 8. What is the units digit of v?
2
Let q(k) = 2*k**2 - 2*k. Let p(a) = -a**2 - 13*a + 5. Let j be p(-13). What is the tens digit of q(j)?
4
Let t = -20 + 26. Let l be 2/(-4) + (-3)/t. What is the units digit of -9*((-5)/3 - l)?
6
Let i(z) be the first derivative of -2*z**3/3 - 5*z**2 - 8*z + 7. Let r(w) be the first derivative of i(w). What is the tens digit of r(-8)?
2
Let w(c) = c**3 + 13*c - 4 - 1 - 4*c**2 - 11*c. Let g(v) = v**3 - 6*v**2 - 5*v - 10. Let r be g(7). What is the units digit of w(r)?
3
Let k(r) = 2*r**2 + 4*r - 12. Let s(u) = -u**2 - 3*u + 8. Let q(m) = 5*k(m) + 8*s(m). What is the tens digit of q(-3)?
3
Suppose 0 = -x - j + 833, 5*j + 4133 = 5*x + 2*j. What is the tens digit of x?
2
Let w = 1 - -3. Let o be (6/9)/(w/870). Suppose 6*v - o = v. What is the units digit of v?
9
Let z be (-5 - -7) + (-8)/2. Let y be ((-20)/15)/(z/6). What is the units digit of 3/(-3) + y - -2?
5
Let x = -26 + 30. Suppose 88 = x*t - 3*t. What is the tens digit of t?
8
Suppose 2*y + 138 = 4*a, -5*y = -3*a - 51 + 424. Let c = 90 + y. What is the tens digit of c?
1
Let i = -104 + 115. What is the tens digit of i*2 + (-11)/(-11) - 1?
2
Suppose 4*k - 5*k = -2. Let l be -2 - (k + -5) - -1. Suppose b - 33 = -2*r, b = -l*r + 4*r - 23. What is the units digit of r?
4
Let y = -7173 + 10488. What is the tens digit of y?
1
Let k = 25 - 11. Let j = k + 28. What is the tens digit of j?
4
Suppose 9*x - 4*x = -3*c + 1300, x - 268 = c. What is the hundreds digit of x?
2
Suppose -8*k + k + 14 = 0. Suppose 0*s - k*s = -82. What is the units digit of s?
1
Suppose 0 = -4*m + 5*z + 32, 4*z - 4 = m - 12. Suppose m*v + 58 = 546. What is the tens digit of v?
6
Suppose -2*u + 59 = -41. Suppose -41*s - 51 - 31 = 0. Let v = s + u. What is the units digit of v?
8
Suppose 147*g - 5544 = 140*g. What is the units digit of g?
2
Let k = 22 + -16. Let n be k/(2/(-8)*6). What is the units digit of 3*-5*n/10?
6
Let f = 16 - 15. Let j be -2 - (f - (3 + 3)). Suppose j = v - 0. What is the units digit of v?
3
Let j(v) = 61*v - 647. What is the tens digit of j(24)?
1
Let j(i) = i**3 + 10*i**2 + 9*i - 2. Let r be j(-8). Suppose -71 = -5*v + r. Suppose -3*l = 2*b - 15, 4*l + 7 - v = -2*b. What is the units digit of l?
3
Let n(k) = -3*k**3 - 3*k + 4*k - 2*k - 6*k**2. Let b be n(-4). Suppose -4*q + 3*j = -b, -70 = -3*q - j - 8. What is the tens digit of q?
2
Let o = -189 - -412. What is the tens digit of o?
2
Let f(b) = 77*b + 893. What is the thousands digit of f(31)?
3
Let p(f) = f**2 + 2*f + 2. Let n be p(-5). Suppose -8 = 3*w + 4*j - 0*j, n = 3*w - j. What is the units digit of (2/6)/(w/24)?
2
Suppose -x + 3504 = -k, 14*x - 19*x - 3*k = -17488. What is the tens digit of x?
0
Suppose 0 = 7*r - 5*r. Suppose 220 = -r*b - b. What is the units digit of b/(-12) - (-6)/9?
9
Suppose 4*t + 349 = j + 9*t, 0 = 5*t - 10. What is the tens digit of j?
3
Let u(o) = -o**2 - 7*o + 13. Let b be u(-7). Let h(i) = i + 10. Let r be h(-8). Suppose r*q + 5 = b. What is the units digit of q?
4
Let p(z) = 15*z - 9. Let y(f) = -f**3 - 27*f + 11*f + 8*f**2 + 7*f - 5 + 10*f. Let s be y(8). What is the units digit of p(s)?
6
Let p be 200/(-30)*24/10. Let d = 21 + p. Suppose -15 = 5*b, 3*b = -d*f - 0 + 76. What is the units digit of f?
7
Suppose 3*v + 7 + 248 = 0. Let s = v - -119. What is the units digit of s?
4
Suppose -2*d = -0*d - 4. Suppose -v - k - d*k + 161 = 0, 0 = -k + 3. Suppose -g = 2, 5*s + 4*g = -0*s + v. What is the tens digit of s?
3
Suppose -4*n + 94 = i, -i - 2*n = 3*i - 418. Let y = i - -106. What is the units digit of y?
2
Suppose -4*v + 5*h = -6, 2*v + 3*v + 1 = 2*h. What is the units digit of (-1 - -5)/((-2)/130)*v?
0
Suppose -15*z = -3991 + 1051. What is the tens digit of z?
9
Let j be (-136)/(-32) + 6/8. Suppose -j*p + 44 = 14. What is the units digit of p?
6
Let u be 2/(4/14) - -4. Let a(n) be the first derivative of -n**3/3 + 13*n**2/2 - 4*n + 6. What is the units digit of a(u)?
8
Let q(a) = -a - 10. Let n be q(-10). Suppose 6*s - 7*s = n. Suppose s = -5*b + m + 203, 13 = -3*m + 4. What is the tens digit of b?
4
What is the units digit of (-1 - -2)/(48/7296)?
2
Let f be (1 - 11)/(2 + -5 - -1). Suppose 5*d - 698 + 78 = -f*c, -3*c = 4*d - 494. What is the units digit of d?
2
Let r(t) = 19*t - 57. Let n be r(11). Suppose -4*g + 445 = 3*m, -m = -g - n - 1. What is the units digit of m?
1
Suppose -146 = -2*u + 862. What is the hundreds digit of u?
5
Let r = 452 - 272. What is the hundreds digit of r?
1
Let y = 68 + -64. Let m(t) = -t**3 + 6*t**2 + 3*t - 20. What is the tens digit of m(y)?
2
Suppose 5*m - 5*z - 2533 = -958, z = 4*m - 1251. What is the hundreds digit of m?
3
Suppose 0 = 3*h + 3*b - 353 - 31, -3*b = -2*h + 251. Suppose -2*f - h - 323 = 0. What is the units digit of f/(-18) + 1/(-2)?
2
Suppose 0 = -4*x - x + 3*w + 4321, x - 869 = -w. What is the units digit of x?
6
Suppose -3*l + 80 + 82 = 0. Suppose 3*r = -0*r + 2*j + 42, 0 = -5*r - 2*j + l. What is the units digit of r?
2
Let u = 16 + -13. Suppose 0 = -u*c - 5*d + 192, -4*c + 5*d - 171 = -427. What is the units digit of c?
4
Suppose 5*g + 5*r = 21880, 4*g = 5*r + 8370 + 9116. What is the units digit of g?
4
Let j = -769 - -982. What is the units digit of j?
3
Let a(k) = -3*k - 2. Suppose 0 = -5*s + 5*f, -2*s = -3*s + 3*f + 6. Let v be a(s). Suppose 0 = v*l - 2*l - 145. What is the tens digit of l?
2
Let t(l) be the second derivative of 6*l - 5*l**2 - 1/3*l**3 + 0. What is the units digit of t(-6)?
2
Suppose 0 = -3*o + 3*s + 9, -7*s + 2*s - 5 = 0. Let p be (3/o)/((-6)/(-8)). Suppose 175 = 3*l + p*l. What is the tens digit of l?
3
Suppose -4*z = -2*h + 18, -3*z + 4*h - 3 - 8 = 0. Let m(g) = -g**3 + 3*g**2 + 6*g. Let w be m(5). What is the units digit of ((-12)/z)/((-4)/w)?
2
Let s(n) = n**3 + 8*n**2 + 5*n - 9. Let o be s(-7). Suppose f = -4*a + o, -a + 0*a + 5*f + 17 = 0. Suppose 12 = -c + a*c. What is the units digit of c?
2
Suppose -5*g + 13 = -4*g - 3*i, 5*i = -g - 11. Suppose -5*m + 213 = -y, -51 = -3*m + g*y + 87. What is the units digit of m?
2
Suppose f = -4*f. Suppose -a - 2*t = -25, t + f*t = -3*a + 80. Suppose 3*m - 123 + a = 0. What is the tens digit of m?
3
Let u(w) = -w**3 - 20*w**2 + 32*w + 103. What is the units digit of u(-22)?
7
Let n(x) = -7*x - x**2 - 10 + 2*x + 4*x - 16*x. What is the units digit of n(-7)?
0
Suppose -4*r + 15 = -5. Suppose -r*o = o - 432. Suppose -3*d + 5*w = -13 - o, 0 = 4*d + 4*w - 92. What is the units digit of d?
5
Let h be ((-1)/2)/((-1)/10). Suppose -q = m - 63 + 10, 0 = -h*q + 15. What is the tens digit of m?
5
Suppose 21 - 289 = -4*c. Let v = 118 - c. What is the units digit of v?
1
Let w(v) = -v - 2. Let b be w(0). Let p = 10162 + -7082. What is the units digit of p/64 - b/(-16)?
8
Suppose -2*t + 4 = -t. Suppose -t*q + q = 0. Suppose q*i - 5 = -i. What is the units digit of i?
5
Suppose 4*k - u - 823 = 0, -24 - 590 = -3*k + 4*u. Suppose -5*b = -31 + k. Let c = b + 59. What is the units digit of c?
4
Let o = -30 - -13. What is the hundreds digit of 8/(-68) - 1/(o/2960)?
1
Suppose -2*k = -3*l + 28, -3*l + 3*k = 8*k + 7. Let m(o) = -5 + 1 + 2 - l*o + 26*o. What is the tens digit of m(1)?
1
Let r be 8/(-20)*(7 + -212)